-- http://www.phpmyadmin.net
--
-- Servidor: localhost
-- Tiempo de generación: 03-10-2019 a las 11:19:28
-- Versión del servidor: 5.5.49
-- Versión de PHP: 7.1.19




--
-- Base de datos: `branif_crm`
--

-- --------------------------------------------------------

--
-- Estructura de tabla para la tabla `sys_acciones_sub`
--

CREATE TABLE `sys_acciones_sub` (
  `idacciones` int(10) NOT NULL,
  `nombre` varchar(50) DEFAULT NULL,
  `tipo_modulo` varchar(3) DEFAULT NULL,
  `idreferencia` int(10) DEFAULT NULL,
  `clave_accion` varchar(50) DEFAULT NULL,
  `data_acciones` varchar(150) DEFAULT NULL
) ENGINE=MyISAM DEFAULT CHARSET=latin1;

-- --------------------------------------------------------

--
-- Estructura de tabla para la tabla `sys_grupo`
--

CREATE TABLE `sys_grupo` (
  `idgrupo` int(10) NOT NULL,
  `nombre` varchar(50) NOT NULL
) ENGINE=InnoDB DEFAULT CHARSET=latin1;

--
-- Volcado de datos para la tabla `sys_grupo`
--

INSERT INTO `sys_grupo` (`idgrupo`, `nombre`) VALUES
(14, 'Grupo1');

-- --------------------------------------------------------

--
-- Estructura de tabla para la tabla `sys_grupo_asignacion`
--

CREATE TABLE `sys_grupo_asignacion` (
  `idasignacion` int(10) NOT NULL,
  `idgrupo` int(10) NOT NULL,
  `idusuario` int(10) NOT NULL,
  `idsucursal` varchar(250) NOT NULL
) ENGINE=InnoDB DEFAULT CHARSET=latin1;

--
-- Volcado de datos para la tabla `sys_grupo_asignacion`
--

INSERT INTO `sys_grupo_asignacion` (`idasignacion`, `idgrupo`, `idusuario`, `idsucursal`) VALUES
(26, 14, 7, '5cab849959f39d09640a23ec');

-- --------------------------------------------------------

--
-- Estructura de tabla para la tabla `sys_info`
--

CREATE TABLE `sys_info` (
  `id` int(11) NOT NULL,
  `data` varchar(1000) NOT NULL
) ENGINE=InnoDB DEFAULT CHARSET=latin1;

--
-- Volcado de datos para la tabla `sys_info`
--

INSERT INTO `sys_info` (`id`, `data`) VALUES
(1, '{"igv":"18","dias":"10"}'),
(2, '{"Monday":"on","Tuesday":"on","Wednesday":"on","Thursday":"on","Friday":"on","Saturday":"on","evento":"X","dias":"","asunto_sp":"","prioridad_sp":"","descripcion_sp":"","data-eventos":"[{\\"idevento\\":\\"X\\",\\"dias\\":\\"\\",\\"idtarea\\":\\"X\\",\\"asunto\\":\\"\\",\\"prioridad\\":\\"\\",\\"descripcion\\":\\"\\"}]","tarea":"X","Sunday":"off"}');

-- --------------------------------------------------------

--
-- Estructura de tabla para la tabla `sys_modulos`
--

CREATE TABLE `sys_modulos` (
  `idmodulos` int(10) NOT NULL,
  `nombre` varchar(50) DEFAULT NULL,
  `ruta` varchar(50) DEFAULT NULL,
  `icono` varchar(50) DEFAULT NULL,
  `col_grupo_dash` int(11) DEFAULT NULL,
  `pos_grupo_dash` int(11) DEFAULT NULL
) ENGINE=MyISAM DEFAULT CHARSET=latin1;

--
-- Volcado de datos para la tabla `sys_modulos`
--

INSERT INTO `sys_modulos` (`idmodulos`, `nombre`, `ruta`, `icono`, `col_grupo_dash`, `pos_grupo_dash`) VALUES
(1, 'Sistema', 'sistema', 'fas fa-cog', 1, 1),
(4, 'Clientes', 'clientes', 'fas fa-users', 1, 1),
(5, 'Sucursales', 'sucursales', 'fas fa-build', 1, 1),
(6, 'Mantenimientos', 'mantenimientos', 'fas fa-cog', 1, 1),
(7, 'Productos', 'productos', 'fas fa-parking', 1, 1),
(8, 'Llamadas', 'llamadas', 'fas fa-phone-volume', 1, 1),
(10, 'Actividades', 'actividades', 'far fa-file-alt', 1, 1),
(9, 'Cotizaciones', 'cotizacion', 'far fa-edit', 1, 1),
(11, 'Tareas', 'tareas', 'far fa-calendar', 1, 1),
(12, 'Actividad', 'actividad', 'far fa-file-alt', 1, 1);

-- --------------------------------------------------------

--
-- Estructura de tabla para la tabla `sys_perfiles`
--

CREATE TABLE `sys_perfiles` (
  `idperfil` int(10) NOT NULL,
  `nombre` varchar(50) DEFAULT NULL,
  `descripcion` varchar(100) DEFAULT NULL
) ENGINE=MyISAM DEFAULT CHARSET=latin1;

--
-- Volcado de datos para la tabla `sys_perfiles`
--

INSERT INTO `sys_perfiles` (`idperfil`, `nombre`, `descripcion`) VALUES
(1, 'Administrador', 'Perfil principal del administrador'),
(5, 'Soporte', 'Mensaje de soporte.'),
(6, 'Vendedores', 'Lista de Vendedores'),
(7, 'Supervisor', 'Supervisa a los vendedores');

-- --------------------------------------------------------

--
-- Estructura de tabla para la tabla `sys_perfiles_modulos`
--

CREATE TABLE `sys_perfiles_modulos` (
  `idperfilmodulo` int(10) NOT NULL,
  `idperfil` int(10) DEFAULT NULL,
  `idsubmodulo` int(10) DEFAULT NULL,
  `data_access` text
) ENGINE=MyISAM DEFAULT CHARSET=latin1;

--
-- Volcado de datos para la tabla `sys_perfiles_modulos`
--

INSERT INTO `sys_perfiles_modulos` (`idperfilmodulo`, `idperfil`, `idsubmodulo`, `data_access`) VALUES
(997, 1, 48, NULL),
(996, 1, 47, NULL),
(995, 1, 45, NULL),
(994, 1, 46, NULL),
(993, 1, 29, NULL),
(992, 1, 38, NULL),
(991, 1, 36, NULL),
(990, 1, 32, NULL),
(989, 1, 30, NULL),
(988, 1, 27, NULL),
(987, 1, 26, NULL),
(986, 1, 25, NULL),
(985, 1, 24, NULL),
(984, 1, 18, NULL),
(983, 1, 17, NULL),
(982, 1, 16, NULL),
(981, 1, 14, NULL),
(980, 1, 13, NULL),
(979, 1, 12, NULL),
(978, 1, 10, NULL),
(977, 1, 9, NULL),
(976, 1, 8, NULL),
(975, 1, 7, NULL),
(974, 1, 35, NULL),
(973, 1, 28, NULL),
(972, 1, 19, NULL),
(1011, 7, 45, NULL),
(1010, 7, 46, NULL),
(1009, 7, 29, NULL),
(1008, 7, 14, NULL),
(1007, 7, 13, NULL),
(1006, 7, 12, NULL),
(1005, 7, 10, NULL),
(1004, 7, 9, NULL),
(1003, 7, 8, NULL),
(1002, 7, 7, NULL),
(971, 1, 2, NULL),
(1001, 6, 45, NULL),
(1000, 6, 29, NULL),
(999, 6, 14, NULL),
(998, 6, 7, NULL),
(970, 1, 1, NULL);

-- --------------------------------------------------------

--
-- Estructura de tabla para la tabla `sys_submodulos`
--

CREATE TABLE `sys_submodulos` (
  `idsubmodulo` int(10) NOT NULL,
  `nombre` varchar(50) DEFAULT NULL,
  `ruta` varchar(50) DEFAULT NULL,
  `idmodulo` int(10) DEFAULT NULL,
  `icono` varchar(50) DEFAULT NULL,
  `visible_grupo_dash` int(1) DEFAULT NULL,
  `desc_grupo_dash` varchar(150) NOT NULL
) ENGINE=MyISAM DEFAULT CHARSET=latin1;

--
-- Volcado de datos para la tabla `sys_submodulos`
--

INSERT INTO `sys_submodulos` (`idsubmodulo`, `nombre`, `ruta`, `idmodulo`, `icono`, `visible_grupo_dash`, `desc_grupo_dash`) VALUES
(1, 'Usuarios', 'usuarios', 1, 'fas fa-users', 1, 'Gestiones los usuarios que accederán a su sitio web'),
(2, 'Perfiles', 'perfiles', 1, 'fas fa-user-cog', 1, 'Gestiones los permisos y perfiles de los usuarios de su sistema'),
(7, 'Clientes', 'cliente', 4, 'fas fa-user-cog', 1, 'Gestiones los clientes'),
(8, 'Tipo de Empresa', 'tipo-empresa', 4, 'fas fa-user-cog', 1, 'Gestiones los tipos de empresas'),
(9, 'Grupo Empresarial', 'grupo-empresarial', 4, 'fas fa-user-cog', 1, 'Gestiones los grupos empresariales'),
(10, 'Actividad Comercial', 'actividad-comercial', 4, 'fas fa-user-cog', 1, 'Gestiones las actividades comerciales'),
(11, 'Sucursales', 'sucursales', 5, 'fas fa-user-cog', 1, 'Gestiones las Sucursales'),
(12, 'Dias Festivos', 'diasfestivos', 4, 'fas fa-birthday-cake', 1, 'Gestiones los Dias Festivos'),
(13, 'Sucursales Cliente', 'sucursales', 4, 'fas fa-code-branch', 1, 'Gestiones las Sucursales'),
(14, 'Contactos', 'contactos', 4, 'fas fa-users', 1, 'Gestiones los Contactos'),
(16, 'Colegios', 'colegios', 6, 'fas fa-school', 1, 'Gestiones los Colegios'),
(17, 'Profesiones', 'profesiones', 6, 'fas fa-graduation-cap', 1, 'Gestiones las Profesiones'),
(18, 'Universidades', 'universidades', 6, 'fas fa-building', 1, 'Gestiones las Universidades'),
(19, 'Grupos', 'grupo', 1, 'fas fa-project-diagram', 1, 'Gestiones los Grupos'),
(20, 'Familias', 'familias', 7, 'fas fa-users', 1, 'Gestiones las familias'),
(21, 'Soluciones', 'soluciones', 7, 'fas fa-user', 1, 'Gestiones las soluciones'),
(22, 'Llamada', 'llamada', 10, 'fas fa-phone', 1, 'Gestiones las llamadas'),
(23, 'Tipo de llamada', 'tipollamada', 6, 'fas fa-phone-square', 1, 'Gestiones de los tipos de llamadas'),
(24, 'Motivo', 'motivo', 6, 'fas fa-align-right', 1, 'Gestiones de los motivos'),
(25, 'Resultados', 'resultados', 6, 'fab fa-replyd', 1, 'Gestiones de los resultados'),
(26, 'Contexturas', 'contexturas', 6, 'fas fa-male', 1, 'Gestiones las contexturas de los contactos'),
(27, 'Trato Atencion', 'trato', 6, 'fas fa-hands-helping', 1, 'Gestiones los tratos '),
(28, 'Sucursales', 'sucursalesusuarios', 1, 'fas fa-id-card-alt', 1, 'Gestiones de las sucursales de los usuarios'),
(29, 'Cotizacion', 'cotizacion', 9, 'far fa-edit', 1, 'Gestiones de las cotizaciones'),
(30, 'Lineas Comerciales', 'lineacomercial', 6, 'far fa-file-alt', 1, 'Gestiones las lineas comerciales'),
(31, 'Formas de Pago', 'formapago', 6, 'fas fa-credit-card', 1, 'Gestiones las formar de pago'),
(32, 'Monedas', 'moneda', 6, 'fas fa-dollar-sign', 1, 'Gestiones las monedas'),
(33, 'Sub Familias', 'sub-familias', 7, 'fas fa-box', 1, 'Gestiones las Sub familias'),
(34, 'Grupos de Familias', 'grupos-familias', 7, 'fas fa-boxes', 1, 'Gestiones los Grupos de Familias'),
(35, 'Configuracion', 'configuracion', 1, 'fas fa-user-cog', 1, 'Gestiona las configuraciones del sistema'),
(36, 'Cargos', 'cargo', 6, 'fas fa-user-tie', 1, 'Gestiona los cargos'),
(37, 'Acciones a tomar', 'acciones', 6, 'fas fa-list-ol', 1, 'Gestiona las acciones '),
(38, 'Tipo de regalo', 'tiporegalo', 6, 'fab fa-dropbox', 1, 'Gestiona los regalos'),
(39, 'Visitas', 'visita', 10, 'fas fa-user-tie', 1, 'Gestiona las visitas'),
(40, 'Soporte', 'soporte', 10, 'fas fa-user-cog', 1, 'Gestiona los soportes'),
(41, 'Entrega de regalos', 'entrega', 10, 'fas fa-shipping-fast', 1, 'Gestiona los regalos'),
(42, 'Configuracion Clientes', 'configuracioncliente', 1, 'fas fa-user-cog', 1, 'Gestiona las configuraciones del cliente'),
(44, 'Resumen de Tareas', 'tareas', 11, 'far fa-calendar-alt', 1, 'Gestiona las tareas en el sistema'),
(45, 'Actividad', 'actividad', 12, 'far fa-file-alt', 1, 'Gestiones las pruebas'),
(46, 'Calendario de Tareas', 'calendario', 11, 'far fa-calendar-alt', 1, 'Gestiona las tareas en un calendario'),
(47, 'Revision', 'revision', 12, 'far fa-file-alt', 1, 'Gestiones las revisiones'),
(48, 'Pre Rechazo', 'rechazo', 12, 'far fa-file-alt', 1, 'Gestiona los pre rechazos');

-- --------------------------------------------------------

--
-- Estructura de tabla para la tabla `sys_submodulos_old`
--

CREATE TABLE `sys_submodulos_old` (
  `idsubmodulo` int(10) NOT NULL,
  `nombre` varchar(50) DEFAULT NULL,
  `ruta` varchar(50) DEFAULT NULL,
  `idmodulo` int(10) DEFAULT NULL,
  `icono` varchar(50) DEFAULT NULL,
  `visible_grupo_dash` int(1) DEFAULT NULL,
  `desc_grupo_dash` varchar(150) NOT NULL
) ENGINE=MyISAM DEFAULT CHARSET=latin1;

--
-- Volcado de datos para la tabla `sys_submodulos_old`
--

INSERT INTO `sys_submodulos_old` (`idsubmodulo`, `nombre`, `ruta`, `idmodulo`, `icono`, `visible_grupo_dash`, `desc_grupo_dash`) VALUES
(1, 'Usuarios', 'usuarios', 1, 'fas fa-users', 1, 'Gestiones los usuarios que accederán a su sitio web'),
(2, 'Perfiles', 'perfiles', 1, 'fas fa-user-cog', 1, 'Gestiones los permisos y perfiles de los usuarios de su sistema'),
(7, 'Clientes', 'cliente', 4, 'fas fa-user-cog', 1, 'Gestiones los clientes'),
(8, 'Tipo de Empresa', 'tipo-empresa', 4, 'fas fa-user-cog', 1, 'Gestiones los tipos de empresas'),
(9, 'Grupo Empresarial', 'grupo-empresarial', 4, 'fas fa-user-cog', 1, 'Gestiones los grupos empresariales'),
(10, 'Actividad Comercial', 'actividad-comercial', 4, 'fas fa-user-cog', 1, 'Gestiones las actividades comerciales'),
(11, 'Sucursales', 'sucursales', 5, 'fas fa-user-cog', 1, 'Gestiones las Sucursales'),
(12, 'Dias Festivos', 'diasfestivos', 4, 'fas fa-birthday-cake', 1, 'Gestiones los Dias Festivos'),
(13, 'Sucursales', 'sucursales', 4, 'fas fa-code-branch', 1, 'Gestiones las Sucursales'),
(14, 'Contactos', 'contactos', 4, 'fas fa-users', 1, 'Gestiones los Contactos'),
(16, 'Colegios', 'colegios', 6, 'fas fa-school', 1, 'Gestiones los Colegios'),
(17, 'Profesiones', 'profesiones', 6, 'fas fa-graduation-cap', 1, 'Gestiones las Profesiones'),
(18, 'Universidades', 'universidades', 6, 'fas fa-building', 1, 'Gestiones las Universidades'),
(19, 'Grupos', 'grupo', 1, 'fas fa-project-diagram', 1, 'Gestiones los Grupos'),
(20, 'Familias', 'familias', 7, 'fas fa-cubes', 1, 'Gestiones las familias'),
(25, 'Soluciones', 'soluciones', 7, 'fas fa-cube', 1, 'Gestiones las soluciones'),
(22, 'Llamada', 'llamada', 8, 'fas fa-phone', 1, 'Gestiones las llamadas'),
(23, 'Sub Familias', 'sub-familias', 7, 'fas fa-box', 1, 'Gestiones las Sub familias'),
(24, 'Grupos de Familias', 'grupos-familias', 7, 'fas fa-boxes', 1, 'Gestiones los Grupos de Familias');

--
-- Índices para tablas volcadas
--

--
-- Indices de la tabla `sys_acciones_sub`
--
ALTER TABLE `sys_acciones_sub`
  ADD PRIMARY KEY (`idacciones`),
  ADD KEY `sys_acciones_sub_fk0` (`idreferencia`);

--
-- Indices de la tabla `sys_grupo`
--
ALTER TABLE `sys_grupo`
  ADD PRIMARY KEY (`idgrupo`);

--
-- Indices de la tabla `sys_grupo_asignacion`
--
ALTER TABLE `sys_grupo_asignacion`
  ADD PRIMARY KEY (`idasignacion`);

--
-- Indices de la tabla `sys_info`
--
ALTER TABLE `sys_info`
  ADD PRIMARY KEY (`id`);

--
-- Indices de la tabla `sys_modulos`
--
ALTER TABLE `sys_modulos`
  ADD PRIMARY KEY (`idmodulos`);

--
-- Indices de la tabla `sys_perfiles`
--
ALTER TABLE `sys_perfiles`
  ADD PRIMARY KEY (`idperfil`);

--
-- Indices de la tabla `sys_perfiles_modulos`
--
ALTER TABLE `sys_perfiles_modulos`
  ADD PRIMARY KEY (`idperfilmodulo`),
  ADD KEY `sys_perfiles_modulos_fk0` (`idperfil`),
  ADD KEY `sys_perfiles_modulos_fk1` (`idsubmodulo`);

--
-- Indices de la tabla `sys_submodulos`
--
ALTER TABLE `sys_submodulos`
  ADD PRIMARY KEY (`idsubmodulo`),
  ADD KEY `sys_submodulos_fk0` (`idmodulo`);

--
-- Indices de la tabla `sys_submodulos_old`
--
ALTER TABLE `sys_submodulos_old`
  ADD PRIMARY KEY (`idsubmodulo`),
  ADD KEY `sys_submodulos_fk0` (`idmodulo`);

--
-- AUTO_INCREMENT de las tablas volcadas
--

--
-- AUTO_INCREMENT de la tabla `sys_acciones_sub`
--
ALTER TABLE `sys_acciones_sub`
  MODIFY `idacciones` int(10) NOT NULL AUTO_INCREMENT;
--
-- AUTO_INCREMENT de la tabla `sys_grupo`
--
ALTER TABLE `sys_grupo`
  MODIFY `idgrupo` int(10) NOT NULL AUTO_INCREMENT, AUTO_INCREMENT=15;
--
-- AUTO_INCREMENT de la tabla `sys_grupo_asignacion`
--
ALTER TABLE `sys_grupo_asignacion`
  MODIFY `idasignacion` int(10) NOT NULL AUTO_INCREMENT, AUTO_INCREMENT=27;
--
-- AUTO_INCREMENT de la tabla `sys_info`
--
ALTER TABLE `sys_info`
  MODIFY `id` int(11) NOT NULL AUTO_INCREMENT, AUTO_INCREMENT=3;
--
-- AUTO_INCREMENT de la tabla `sys_modulos`
--
ALTER TABLE `sys_modulos`
  MODIFY `idmodulos` int(10) NOT NULL AUTO_INCREMENT, AUTO_INCREMENT=13;
--
-- AUTO_INCREMENT de la tabla `sys_perfiles`
--
ALTER TABLE `sys_perfiles`
  MODIFY `idperfil` int(10) NOT NULL AUTO_INCREMENT, AUTO_INCREMENT=8;
--
-- AUTO_INCREMENT de la tabla `sys_perfiles_modulos`
--
ALTER TABLE `sys_perfiles_modulos`
  MODIFY `idperfilmodulo` int(10) NOT NULL AUTO_INCREMENT, AUTO_INCREMENT=1012;
--
-- AUTO_INCREMENT de la tabla `sys_submodulos`
--
ALTER TABLE `sys_submodulos`
  MODIFY `idsubmodulo` int(10) NOT NULL AUTO_INCREMENT, AUTO_INCREMENT=49;
--
-- AUTO_INCREMENT de la tabla `sys_submodulos_old`
--
ALTER TABLE `sys_submodulos_old`
  MODIFY `idsubmodulo` int(10) NOT NULL AUTO_INCREMENT, AUTO_INCREMENT=26;
