-- https://www.phpmyadmin.net/
--
-- Servidor: 127.0.0.1
-- Tiempo de generación: 09-08-2019 a las 11:50:46
-- Versión del servidor: 10.1.37-MariaDB
-- Versión de PHP: 7.2.13

START TRANSACTION;



--
-- Base de datos: `branift_crm`
--

-- --------------------------------------------------------

--
-- Estructura de tabla para la tabla `sys_acciones_sub`
--

CREATE TABLE `sys_acciones_sub` (
  `idacciones` int(10) NOT NULL,
  `nombre` varchar(50) DEFAULT NULL,
  `tipo_modulo` varchar(3) DEFAULT NULL,
  `idreferencia` int(10) DEFAULT NULL,
  `clave_accion` varchar(50) DEFAULT NULL,
  `data_acciones` varchar(150) DEFAULT NULL
) ENGINE=MyISAM DEFAULT CHARSET=latin1;

-- --------------------------------------------------------

--
-- Estructura de tabla para la tabla `sys_grupo`
--

CREATE TABLE `sys_grupo` (
  `idgrupo` int(10) NOT NULL,
  `nombre` varchar(50) NOT NULL
) ENGINE=InnoDB DEFAULT CHARSET=latin1;

--
-- Volcado de datos para la tabla `sys_grupo`
--

INSERT INTO `sys_grupo` (`idgrupo`, `nombre`) VALUES
(20, 'Grupo1');

-- --------------------------------------------------------

--
-- Estructura de tabla para la tabla `sys_grupo_asignacion`
--

CREATE TABLE `sys_grupo_asignacion` (
  `idasignacion` int(10) NOT NULL,
  `idgrupo` int(10) NOT NULL,
  `idusuario` int(10) NOT NULL,
  `idsucursal` varchar(250) NOT NULL
) ENGINE=InnoDB DEFAULT CHARSET=latin1;

--
-- Volcado de datos para la tabla `sys_grupo_asignacion`
--

INSERT INTO `sys_grupo_asignacion` (`idasignacion`, `idgrupo`, `idusuario`, `idsucursal`) VALUES
(46, 20, 7, '5cab849959f39d09640a23ec'),
(47, 20, 9, '5cab849959f39d09640a23ec');

-- --------------------------------------------------------

--
-- Estructura de tabla para la tabla `sys_info`
--

CREATE TABLE `sys_info` (
  `id` int(11) NOT NULL,
  `data` varchar(1000) NOT NULL
) ENGINE=InnoDB DEFAULT CHARSET=latin1;

--
-- Volcado de datos para la tabla `sys_info`
--

INSERT INTO `sys_info` (`id`, `data`) VALUES
(1, '{\"igv\":\"18\",\"dias\":\"10\"}'),
(2, '{\"Monday\":\"on\",\"Tuesday\":\"on\",\"Wednesday\":\"on\",\"Thursday\":\"on\",\"Friday\":\"on\",\"Saturday\":\"on\",\"evento\":\"TC\",\"dias\":\"1\",\"asunto_sp\":\"5d40738598acd101b400069d\",\"prioridad_sp\":\"\",\"descripcion_sp\":\"prueba 2\",\"data-eventos\":\"[{\\\"idevento\\\":\\\"AV\\\",\\\"dias\\\":\\\"2\\\",\\\"idtarea\\\":\\\"LL\\\",\\\"asunto\\\":\\\"5d40731298acd101b400069b\\\",\\\"descripcion\\\":\\\"prueba 1\\\"},{\\\"idevento\\\":\\\"TC\\\",\\\"dias\\\":\\\"1\\\",\\\"idtarea\\\":\\\"LL\\\",\\\"asunto\\\":\\\"5d40738598acd101b400069d\\\",\\\"descripcion\\\":\\\"prueba 2\\\"}]\",\"tarea\":\"LL\",\"Sunday\":\"off\"}');

-- --------------------------------------------------------

--
-- Estructura de tabla para la tabla `sys_modulos`
--

CREATE TABLE `sys_modulos` (
  `idmodulos` int(10) NOT NULL,
  `nombre` varchar(50) DEFAULT NULL,
  `ruta` varchar(50) DEFAULT NULL,
  `icono` varchar(50) DEFAULT NULL,
  `col_grupo_dash` int(11) DEFAULT NULL,
  `pos_grupo_dash` int(11) DEFAULT NULL
) ENGINE=MyISAM DEFAULT CHARSET=latin1;

--
-- Volcado de datos para la tabla `sys_modulos`
--

INSERT INTO `sys_modulos` (`idmodulos`, `nombre`, `ruta`, `icono`, `col_grupo_dash`, `pos_grupo_dash`) VALUES
(1, 'Sistema', 'sistema', 'fas fa-cog', 1, 1),
(4, 'Clientes', 'clientes', 'fas fa-users', 1, 1),
(12, 'Actividad', 'actividad', 'far fa-file-alt', 1, 1),
(6, 'Mantenimientos', 'mantenimientos', 'fas fa-database', 1, 1),
(7, 'Productos', 'productos', 'fas fa-parking', 1, 1),
(11, 'Tareas', 'tareas', 'far fa-calendar', 1, 1),
(9, 'Cotizaciones', 'cotizacion', 'far fa-edit', 1, 1),
(10, 'Actividades', 'actividades', 'far fa-file-alt', 1, 1);

-- --------------------------------------------------------

--
-- Estructura de tabla para la tabla `sys_perfiles`
--

CREATE TABLE `sys_perfiles` (
  `idperfil` int(10) NOT NULL,
  `nombre` varchar(50) DEFAULT NULL,
  `descripcion` varchar(100) DEFAULT NULL
) ENGINE=MyISAM DEFAULT CHARSET=latin1;

--
-- Volcado de datos para la tabla `sys_perfiles`
--

INSERT INTO `sys_perfiles` (`idperfil`, `nombre`, `descripcion`) VALUES
(1, 'Administrador', 'Perfil principal del administrador'),
(5, 'Soporte', 'Mensaje de soporte.'),
(6, 'Vendedores', 'Lista de Vendedores'),
(7, 'Supervisor', 'Supervisa a los vendedores');

-- --------------------------------------------------------

--
-- Estructura de tabla para la tabla `sys_perfiles_modulos`
--

CREATE TABLE `sys_perfiles_modulos` (
  `idperfilmodulo` int(10) NOT NULL,
  `idperfil` int(10) DEFAULT NULL,
  `idsubmodulo` int(10) DEFAULT NULL,
  `data_access` text
) ENGINE=MyISAM DEFAULT CHARSET=latin1;

--
-- Volcado de datos para la tabla `sys_perfiles_modulos`
--

INSERT INTO `sys_perfiles_modulos` (`idperfilmodulo`, `idperfil`, `idsubmodulo`, `data_access`) VALUES
(1026, 1, 22, NULL),
(1025, 1, 29, NULL),
(1024, 1, 47, NULL),
(1023, 1, 43, NULL),
(1022, 1, 38, NULL),
(1021, 1, 36, NULL),
(1020, 1, 32, NULL),
(1019, 1, 30, NULL),
(1018, 1, 27, NULL),
(1017, 1, 26, NULL),
(1016, 1, 25, NULL),
(1015, 1, 24, NULL),
(1014, 1, 18, NULL),
(1013, 1, 17, NULL),
(1012, 1, 16, NULL),
(1011, 1, 46, NULL),
(1010, 1, 45, NULL),
(1009, 1, 44, NULL),
(1008, 1, 14, NULL),
(1007, 1, 13, NULL),
(1006, 1, 12, NULL),
(1005, 1, 10, NULL),
(1004, 1, 9, NULL),
(1003, 1, 8, NULL),
(1002, 1, 7, NULL),
(1001, 1, 35, NULL),
(955, 6, 39, NULL),
(954, 6, 22, NULL),
(953, 6, 29, NULL),
(1027, 1, 39, NULL),
(1000, 1, 28, NULL),
(999, 1, 19, NULL),
(966, 7, 39, NULL),
(965, 7, 22, NULL),
(964, 7, 29, NULL),
(963, 7, 43, NULL),
(962, 7, 14, NULL),
(961, 7, 13, NULL),
(960, 7, 12, NULL),
(959, 7, 10, NULL),
(958, 7, 9, NULL),
(957, 7, 8, NULL),
(998, 1, 2, NULL),
(956, 7, 7, NULL),
(952, 6, 7, NULL),
(997, 1, 1, NULL);

-- --------------------------------------------------------

--
-- Estructura de tabla para la tabla `sys_submodulos`
--

CREATE TABLE `sys_submodulos` (
  `idsubmodulo` int(10) NOT NULL,
  `nombre` varchar(50) DEFAULT NULL,
  `ruta` varchar(50) DEFAULT NULL,
  `idmodulo` int(10) DEFAULT NULL,
  `icono` varchar(50) DEFAULT NULL,
  `visible_grupo_dash` int(1) DEFAULT NULL,
  `desc_grupo_dash` varchar(150) NOT NULL
) ENGINE=MyISAM DEFAULT CHARSET=latin1;

--
-- Volcado de datos para la tabla `sys_submodulos`
--

INSERT INTO `sys_submodulos` (`idsubmodulo`, `nombre`, `ruta`, `idmodulo`, `icono`, `visible_grupo_dash`, `desc_grupo_dash`) VALUES
(1, 'Usuarios', 'usuarios', 1, 'fas fa-users', 1, 'Gestiones los usuarios que accederán a su sitio web'),
(2, 'Perfiles', 'perfiles', 1, 'fas fa-user-shield', 1, 'Gestiones los permisos y perfiles de los usuarios de su sistema'),
(7, 'Clientes', 'cliente', 4, 'fas fa-user-friends', 1, 'Gestiones los clientes'),
(8, 'Tipo de Empresa', 'tipo-empresa', 4, 'fas fa-user-lock', 1, 'Gestiones los tipos de empresas'),
(9, 'Grupo Empresarial', 'grupo-empresarial', 4, 'far fa-address-book', 1, 'Gestiones los grupos empresariales'),
(10, 'Actividad Comercial', 'actividad-comercial', 4, 'fas fa-people-carry', 1, 'Gestiones las actividades comerciales'),
(42, 'Configuracion Clientes', 'configuracioncliente', 1, 'fas fa-users-cog', 1, 'Gestiona las configuraciones del cliente'),
(12, 'Dias Festivos', 'diasfestivos', 4, 'fas fa-birthday-cake', 1, 'Gestiones los Dias Festivos'),
(13, 'Sucursales Cliente', 'sucursales', 4, 'fas fa-code-branch', 1, 'Gestiones las Sucursales'),
(14, 'Contactos', 'contactos', 4, 'fas fa-id-badge', 1, 'Gestiones los Contactos'),
(16, 'Colegios', 'colegios', 6, 'fas fa-school', 1, 'Gestiones los Colegios'),
(17, 'Profesiones', 'profesiones', 6, 'fas fa-graduation-cap', 1, 'Gestiones las Profesiones'),
(18, 'Universidades', 'universidades', 6, 'fas fa-building', 1, 'Gestiones las Universidades'),
(19, 'Grupos', 'grupo', 1, 'fas fa-project-diagram', 1, 'Gestiones los Grupos'),
(20, 'Familias', 'familias', 7, 'fas fa-users', 1, 'Gestiones las familias'),
(21, 'Soluciones', 'soluciones', 7, 'fas fa-user', 1, 'Gestiones las soluciones'),
(22, 'Llamada', 'llamada', 10, 'fas fa-phone', 1, 'Gestiones las llamadas'),
(23, 'Tipo de llamada', 'tipollamada', 6, 'fas fa-phone-square', 1, 'Gestiones de los tipos de llamadas'),
(24, 'Motivo', 'motivo', 6, 'fas fa-align-right', 1, 'Gestiones de los motivos'),
(25, 'Resultados', 'resultados', 6, 'fab fa-replyd', 1, 'Gestiones de los resultados'),
(26, 'Contexturas', 'contexturas', 6, 'fas fa-male', 1, 'Gestiones las contexturas de los contactos'),
(27, 'Trato Atencion', 'trato', 6, 'fas fa-hands-helping', 1, 'Gestiones los tratos '),
(28, 'Sucursales', 'sucursalesusuarios', 1, 'fas fa-id-card-alt', 1, 'Gestiones de las sucursales de los usuarios'),
(29, 'Cotizacion', 'cotizacion', 9, 'far fa-edit', 1, 'Gestiones de las cotizaciones'),
(30, 'Lineas Comerciales', 'lineacomercial', 6, 'far fa-file-alt', 1, 'Gestiones las lineas comerciales'),
(31, 'Formas de Pago', 'formapago', 6, 'fas fa-credit-card', 1, 'Gestiones las formar de pago'),
(32, 'Monedas', 'moneda', 6, 'fas fa-dollar-sign', 1, 'Gestiones las monedas'),
(33, 'Sub Familias', 'sub-familias', 7, 'fas fa-box', 1, 'Gestiones las Sub familias'),
(34, 'Grupos de Familias', 'grupos-familias', 7, 'fas fa-boxes', 1, 'Gestiones los Grupos de Familias'),
(35, 'Configuracion', 'configuracion', 1, 'fas fa-user-cog', 1, 'Gestiona las configuraciones del sistema'),
(36, 'Cargos', 'cargo', 6, 'fas fa-user-tie', 1, 'Gestiona los cargos'),
(37, 'Acciones a tomar', 'acciones', 6, 'fas fa-list-ol', 1, 'Gestion de las acciones'),
(38, 'Tipo de regalo', 'tiporegalo', 6, 'fab fa-dropbox', 1, 'Gestion de las acciones'),
(39, 'Visitas', 'visita', 10, 'fas fa-user-tie', 1, 'Gestion de las visitas'),
(40, 'Soporte', 'soporte', 10, 'fas fa-user-cog', 1, 'Gestion de los soportes'),
(41, 'Entrega de regalos', 'entrega', 10, 'fas fa-shipping-fast', 1, 'Gestion de la entrega de los regalos'),
(43, 'Resumen de Tareas', 'tareas', 11, 'far fa-calendar-alt', 1, 'Gestiona las tareas en el sistema'),
(44, 'Actividad', 'actividad', 12, 'far fa-file-alt', 1, 'Gestiones las pruebas'),
(45, 'Revision', 'revision', 12, 'far fa-file-alt', 1, 'Gestiones las revisiones'),
(46, 'Pre Rechazo', 'rechazo', 12, 'far fa-file-alt', 1, 'Gestiones las revisiones'),
(47, 'Calendario de Tareas', 'calendario', 11, 'far fa-calendar-alt', 1, '	\r\nGestiona las tareas en un calendario');

--
-- Índices para tablas volcadas
--

--
-- Indices de la tabla `sys_acciones_sub`
--
ALTER TABLE `sys_acciones_sub`
  ADD PRIMARY KEY (`idacciones`),
  ADD KEY `sys_acciones_sub_fk0` (`idreferencia`);

--
-- Indices de la tabla `sys_grupo`
--
ALTER TABLE `sys_grupo`
  ADD PRIMARY KEY (`idgrupo`);

--
-- Indices de la tabla `sys_grupo_asignacion`
--
ALTER TABLE `sys_grupo_asignacion`
  ADD PRIMARY KEY (`idasignacion`);

--
-- Indices de la tabla `sys_info`
--
ALTER TABLE `sys_info`
  ADD PRIMARY KEY (`id`);

--
-- Indices de la tabla `sys_modulos`
--
ALTER TABLE `sys_modulos`
  ADD PRIMARY KEY (`idmodulos`);

--
-- Indices de la tabla `sys_perfiles`
--
ALTER TABLE `sys_perfiles`
  ADD PRIMARY KEY (`idperfil`);

--
-- Indices de la tabla `sys_perfiles_modulos`
--
ALTER TABLE `sys_perfiles_modulos`
  ADD PRIMARY KEY (`idperfilmodulo`),
  ADD KEY `sys_perfiles_modulos_fk0` (`idperfil`),
  ADD KEY `sys_perfiles_modulos_fk1` (`idsubmodulo`);

--
-- Indices de la tabla `sys_submodulos`
--
ALTER TABLE `sys_submodulos`
  ADD PRIMARY KEY (`idsubmodulo`),
  ADD KEY `sys_submodulos_fk0` (`idmodulo`);

--
-- AUTO_INCREMENT de las tablas volcadas
--

--
-- AUTO_INCREMENT de la tabla `sys_acciones_sub`
--
ALTER TABLE `sys_acciones_sub`
  MODIFY `idacciones` int(10) NOT NULL AUTO_INCREMENT;

--
-- AUTO_INCREMENT de la tabla `sys_grupo`
--
ALTER TABLE `sys_grupo`
  MODIFY `idgrupo` int(10) NOT NULL AUTO_INCREMENT, AUTO_INCREMENT=21;

--
-- AUTO_INCREMENT de la tabla `sys_grupo_asignacion`
--
ALTER TABLE `sys_grupo_asignacion`
  MODIFY `idasignacion` int(10) NOT NULL AUTO_INCREMENT, AUTO_INCREMENT=48;

--
-- AUTO_INCREMENT de la tabla `sys_info`
--
ALTER TABLE `sys_info`
  MODIFY `id` int(11) NOT NULL AUTO_INCREMENT, AUTO_INCREMENT=3;

--
-- AUTO_INCREMENT de la tabla `sys_modulos`
--
ALTER TABLE `sys_modulos`
  MODIFY `idmodulos` int(10) NOT NULL AUTO_INCREMENT, AUTO_INCREMENT=13;

--
-- AUTO_INCREMENT de la tabla `sys_perfiles`
--
ALTER TABLE `sys_perfiles`
  MODIFY `idperfil` int(10) NOT NULL AUTO_INCREMENT, AUTO_INCREMENT=8;

--
-- AUTO_INCREMENT de la tabla `sys_perfiles_modulos`
--
ALTER TABLE `sys_perfiles_modulos`
  MODIFY `idperfilmodulo` int(10) NOT NULL AUTO_INCREMENT, AUTO_INCREMENT=1028;

--
-- AUTO_INCREMENT de la tabla `sys_submodulos`
--
ALTER TABLE `sys_submodulos`
  MODIFY `idsubmodulo` int(10) NOT NULL AUTO_INCREMENT, AUTO_INCREMENT=48;
COMMIT;

